 units digit of a?
3
Let z = 20 - 10. Suppose -z = 3*h + 2. What is the tens digit of (46/h)/((-8)/16)?
2
Suppose 13*d + 4816 = 20*d. What is the hundreds digit of d?
6
Let p be 1*1/(-4) + 12/(-16). What is the tens digit of ((-182)/(-4) + 5)/(p/(-2))?
0
Let a be -2 + 3 - 24/6. Let m be (a/(-6))/((-1)/136). Let r = m + 124. What is the units digit of r?
6
Let o(t) be the second derivative of 4*t**3 - 6*t**3 - 6*t + 0*t**3 - 2*t. What is the tens digit of o(-3)?
3
Suppose h = 2*z + 385 - 4611, -2*z = -4*h - 4226. What is the units digit of z?
3
Let m(g) = 16*g**2 - 6*g + 15. What is the hundreds digit of m(-13)?
7
Let s = 1064 + -527. What is the units digit of s?
7
Let d(k) = -k + 5. Let g(z) = -1. Let q(u) = d(u) - 3*g(u). Let c be q(6). What is the tens digit of -1 + (-2 + c - -35)?
3
Let j(h) = 30*h - 27. What is the hundreds digit of j(17)?
4
Let x = 1766 - 589. What is the thousands digit of x?
1
Suppose 254*a - 38800 = 238*a. What is the tens digit of a?
2
Suppose 4*c - 704 - 2980 = 0. What is the hundreds digit of c?
9
Let w(q) = -11*q + 126. What is the hundreds digit of w(-25)?
4
Suppose 3*o - 24 = 24. Let j = o + -13. Suppose u + j*c - 10 = -0*u, 2*c = -u + 13. What is the units digit of u?
9
Suppose -5*v + z + 112 = 32, -3*z = -2*v + 19. Let r = v + -9. Suppose r = k - 27. What is the units digit of k?
5
Let v = 5774 + -1972. What is the thousands digit of v?
3
Let f = 17 + -129. Let z = -37 - f. What is the units digit of z?
5
Suppose -3*m - 2441 - 2595 = -4*s, 2*m + 3776 = 3*s. What is the thousands digit of s?
1
Suppose 1998*n - 2006*n = -32016. What is the units digit of n?
2
Suppose -2*n - 74 = 4*w - 2*w, -2*n = -3*w + 74. Let x = 30 - n. Let r = -37 + x. What is the tens digit of r?
3
Let l(t) = -31*t - 8. Let m be l(-2). What is the units digit of 1832/18 - (2 - 120/m)?
2
Let l = -25 - -250. What is the tens digit of l?
2
What is the units digit of 2 - (-4)/(-1) - (-901 - -55)?
4
Let b(m) = -m**2 - 6*m - 4. Let l be b(-4). Suppose -4*i = -4*v - v - 95, -l*v - 12 = 0. Suppose -i*u = -19*u - 20. What is the tens digit of u?
2
Suppose 3*p + 10 = w, 2*p + 5*w - w = 12. Let a be 3 + (6 + p)*15. Let l = -31 + a. What is the units digit of l?
2
Let m(u) = -182*u**3 - u**2 - 4*u - 1. What is the hundreds digit of m(-1)?
1
Suppose -2*m - 12 = -7*m - 2*r, 2*m = -2*r + 6. What is the units digit of (m - -97)/(3 + 3 + -5)?
9
Suppose -2*z + 2356 = q, 8*q - 3*z = 4*q + 9380. What is the units digit of q?
8
Let d = 888 + -886. Let w be 7*1*-1 - 1. What is the tens digit of (2 - 3)*d*w?
1
Let t(h) = 22*h + 32. Let v be 2/(1 - (-5)/(-10)). What is the units digit of t(v)?
0
Let x(y) = 19*y - 47. Let o be x(11). Let t = 310 - o. What is the hundreds digit of t?
1
Suppose -2*m = -3*y - 513, y = -2*m + 179 + 330. What is the units digit of m?
5
Let y be -3*(-2)/8 + (-5111)/(-76). Let n = y - 21. What is the units digit of n?
7
Suppose 0*a - 4 = a, u + a = -5. Let s be (-35)/7 - 2/(-1). What is the units digit of ((-8)/2)/(s - u)?
2
Suppose 0 = -4*g - 1 + 9. Suppose -3*l - l - 36 = -b, 0 = -4*b + g*l + 130. Let o = b + -22. What is the units digit of o?
0
Let a = 212 + -54. Let t = a + -76. What is the tens digit of t?
8
Let h = 102 - 92. Suppose -322 = 8*x - h*x. What is the units digit of x?
1
Let c(k) = -2*k**2 + 25*k - 56. Let t be c(15). Let o = 56 - t. What is the hundreds digit of o?
1
Let u be (-86)/(-2)*(-1 - -2). Let l = u - 8. What is the units digit of l?
5
Suppose -w = 2*u - 6674, 3*u - 6567 = -w + 3442. What is the hundreds digit of u?
3
Let m(j) = -j**3 + 15*j**2 - 14*j + 20. Let t be m(11). Let s = -185 + t. What is the units digit of s?
5
What is the tens digit of 459 - (0 + -2 - -6)?
5
Let g(s) = s**3 - 15*s**2 + 4*s + 10. What is the hundreds digit of g(17)?
6
Let c(n) = n - 13. Let k be c(9). Let y(j) = 4*j**2 + 3*j + 5. Let a be y(k). Let g = a - 34. What is the tens digit of g?
2
Suppose -2*n - 3*n + 5 = 0, 0 = l + 4*n - 111. Suppose -l = 9*m - 422. What is the units digit of m?
5
Let x = 2037 + -1056. What is the tens digit of x?
8
Let s(t) = -3*t + 0*t + 1 + 3*t**2 + 3*t. What is the tens digit of s(-3)?
2
Let h(i) = -9 - 3 + 9*i - 10*i + 5*i. What is the units digit of h(4)?
4
Let j = 175 + -165. What is the tens digit of j?
1
Suppose -2*p + 8*p - 18 = 0. Suppose p*a + 0*q = 2*q + 353, 0 = -2*a + 2*q + 232. What is the tens digit of a?
2
Suppose 13*t + 5*p - 1484 = 12*t, 3*p + 1460 = t. What is the hundreds digit of t?
4
Let v be (-37 - -1)*(-3)/3. Let d = v - 14. Let l = d + -7. What is the tens digit of l?
1
Suppose 2*p + 93 = -39. What is the units digit of p/4*16/(-12)?
2
Suppose -c + 7 = -v - 0*v, -23 = -5*c - v. Suppose c*m - 217 = i, 0 = 6*m - m + 4*i - 232. What is the tens digit of m?
4
Let a(g) = -g - 6. Let d be a(-6). Suppose -2*q + 107 = 5*o + 20, -5*o + 4*q + 111 = d. What is the tens digit of o?
1
Let t be 13/(-2) - ((-45)/10 + 5). Let c(i) = -11*i - 4. What is the units digit of c(t)?
3
Let m be (-6)/14 + (-206)/(-7). Let p = m + -9. Let r = 58 - p. What is the units digit of r?
8
What is the tens digit of 8090/(-4)*176/(-660)*3?
1
Let t(m) = 58*m**2 - 25*m - 49. What is the tens digit of t(-2)?
3
Let z be 441/45 - (-1)/5. Suppose 0 = -5*o + z - 5. Let r(q) = 60*q - 2. What is the units digit of r(o)?
8
Let u(v) = -v - 7. Let w be u(-10). Let k be (-5)/(-15) + (-172)/w. Let p = -31 - k. What is the tens digit of p?
2
Let y be (0 - (-1 - 0))*-2. Let j be y + -1 + 10 + -3. What is the units digit of (-18)/j*(9 - 11)?
9
Let u(c) = -c + 22. Let y be u(17). Suppose 43 = y*b - 82. What is the tens digit of b?
2
Let f = 5 - 3. Let h(z) = -3*z - z**3 - 5 - 7 + 11*z**f - 2*z. What is the units digit of h(10)?
8
Let c be (-9 + -347)/(1/(-3)*2). Suppose -7*s + 4*s + c = 0. What is the hundreds digit of s?
1
Suppose -3*o = 9 - 105. Let t = -26 + o. Suppose j + 4*w = -2 + 47, -3*w = -t. What is the tens digit of j?
3
Suppose -3*t + 6 = 15. What is the units digit of (-4 - (-2 + -1)) + (t - -33)?
9
Suppose 0 = -6*x - x + 7455. Suppose -4*r + x = w, 4*w - 240 = -r + 9*w. What is the tens digit of r?
6
Let g(p) be the second derivative of p**3/2 - 3*p**2/2 + 153*p. Let z(t) = -t**2 - 8*t - 2. Let i be z(-6). What is the tens digit of g(i)?
2
Let m(w) = -26*w**3 + 2*w**2 - 2*w. Let n be m(1). What is the hundreds digit of 1*-20*n/4*1?
1
Let v(b) = 50*b + 875. What is the tens digit of v(30)?
7
Let k(d) = 85*d**2 - 24*d + 40. What is the tens digit of k(2)?
3
Let q(k) = -k**2 + 2*k + 11*k**2 - k**2 - 2. What is the units digit of q(2)?
8
Suppose 0 = 4*l - 2*g - 4, l + l - 5*g + 6 = 0. Suppose -72 = f - l*f - a, -a + 344 = 5*f. Suppose -5*s + 42 = -f. What is the tens digit of s?
2
Let b(n) = 50*n**2 - 6*n + 7. Let h be b(2). Suppose 0 = -3*y - 3*s + h, -2*y - 8*s = -3*s - 136. What is the tens digit of y?
6
Suppose 2*d - 38 = 4*d. What is the units digit of d/(-1) + (-5 - -5)?
9
Suppose -79 + 544 = 3*x. Let y(k) = -2*k - 1. Let i be y(-3). Suppose f + 0*f + x = i*a, -3*f = 15. What is the tens digit of a?
3
Let g = 18 + -21. Let o be 5 + (g - (2 - 3)). Suppose -18 = o*q - 24. What is the units digit of q?
2
Suppose m + 8*m - 225 = 0. Suppose -32*h = -m*h - 567. What is the units digit of h?
1
Let q(u) = 2*u**3 - 4*u**2 + 9*u - 10. Let w be q(7). Suppose 8*h - w = 5*h. What is the tens digit of h?
8
Suppose -f + 396 = 2*o, -5*f + o + o = -1932. What is the units digit of f?
8
Let g = 105 + -32. Suppose 4*a + 201 = 5*w, -2*a + 0*w = 3*w + g. Let q = -7 - a. What is the units digit of q?
7
Let k(x) = -x**3 - 2*x**2 + 2*x + 3. Let o(j) = j + 15. Let f be o(-11). Suppose 0 = u - f*g + 16, 3*g - 7 = 2. What is the tens digit of k(u)?
2
Suppose 107*n = 100*n + 3584. What is the tens digit of n?
1
Let h(v) = 4*v + 75. What is the tens digit of h(-3)?
6
Let t(f) = -f**2 + 12*f + 22. Let d = 67 - 57. What is the units digit of t(d)?
2
Suppose -13*b + 15*b + t = 2636, 5260 = 4*b + 5*t. What is the units digit of b?
0
Let m(g) = -2*g - 8*g - 24 + 8*g. Let a be m(-10). What is the tens digit of 57 - 0/(a + -1)?
5
Let b(k) = -k**3 - 6*k**2 + 9*k - 8. Let u be b(-8). Let p = -94 - -177. Let s = p - u. What is the units digit of s?
5
Let y = 1755 + -1020. What is the units digit of y?
5
Let h = -7 - -12. Suppose 3*q = -h*d + 1010, 5*q